rd derivative of -5*h**4/24 - 9*h**2. Give f(-1).
5
Let a be (-16)/(-9) + 6/27. Let f be (-14)/(-2) + -4 + a. Suppose f*d - 2*d = -9. Let b(q) = q**2 + q - 2. What is b(d)?
4
Let f = 3 - 1. Let k(c) = 1 + 4*c + 2 - f. Determine k(2).
9
Let o(p) = 3*p - 10. Let n be o(2). Let y(z) = -4*z - 3. Let w(g) = -2*g - 1. Let v(b) = -9*w(b) + 4*y(b). Determine v(n).
-11
Suppose -6 = 2*u - u. Let r be 76/(-8) - u/4. Let q = r - -5. Let x(j) = -j - 7. What is x(q)?
-4
Let g(t) be the first derivative of t**3/3 + 5*t**2/2 - 3*t + 10. Determine g(-7).
11
Let m(y) = -3*y**2 + 2*y - 1. Let a = 0 + 1. Let w be m(a). Let h(k) = k**3 - k - 2. Determine h(w).
-8
Let g(p) be the second derivative of p**6/120 - p**5/15 + 5*p**4/24 - 2*p**3/3 + 2*p**2 + p. Let n(l) be the first derivative of g(l). What is n(3)?
2
Let f(v) = -v**3 - v**2 + 3*v + 2. Let z be ((-1)/1)/(-1) - 4. Calculate f(z).
11
Let c(r) = r**2 + 3*r**2 - 3 + 2 - 6*r**3 - 2*r**2. Let u(d) = -d - 11. Let t be u(-10). Calculate c(t).
7
Let m(b) be the third derivative of b**5/60 + b**4/12 + b**3/6 - 34*b**2. Calculate m(-1).
0
Suppose 4*s - 1 - 15 = 0. Suppose -3*z + s = -5*z. Let n(x) = -2*x + 1. Give n(z).
5
Let g = 7 + -6. Let l(w) = -1. Let z(k) = 2*k + 2. Let f(n) = g*z(n) - 5*l(n). Calculate f(-6).
-5
Let v(c) = -c**2 - 4*c + 7 - 14 - 2*c. Calculate v(-5).
-2
Let o(y) = -y**2 - y + 16. Let v = 26 + -26. Determine o(v).
16
Let h(o) = o + 4 - 3 - 1. Let f(v) = 2*v**2 - 12*v - 6. Let s be f(6). What is h(s)?
-6
Let t(p) = p**3 + p**2 - 1. Let y be 2/4 + 6/(-12). What is t(y)?
-1
Suppose 5*s = -5*u + 140, 3*s = -8 + 17. Suppose -2*g - 3*g = -u. Let n(k) = -k - 2. Determine n(g).
-7
Let o(w) be the first derivative of 1/3*w**3 + w - 2 + 0*w**2. Let x(v) = -v**2 - 12*v - 11. Let a be x(-11). What is o(a)?
1
Suppose 4*l - q - 14 = q, -2*l - q + 1 = 0. Let u(k) = k**2 - k + 1. Give u(l).
3
Let j = -2 - -4. Suppose 3*m - 3*r = j*r + 5, -m - 3 = -4*r. Let v(z) be the third derivative of -z**6/120 + z**5/10 - z**4/4 + 5*z**3/6 + z**2. What is v(m)?
0
Let u(z) = 3*z + 4. Let c(r) = -r**2 - r. Let b be c(1). Let h be u(b). Let w(v) = -4*v**2 - 3*v - 3. What is w(h)?
-13
Let w(h) = 0 + 4*h - h + 1 - 2*h + h**2. Give w(3).
13
Let m(t) = -3 + 3 + t**2 + 3 + t. Let q = -8 - -11. Suppose 2*z + 4 = 2*n - 2, q*n = z + 9. Determine m(z).
3
Let o(f) be the second derivative of f**6/720 - f**5/15 + f**4/2 + 2*f. Let n(q) be the third derivative of o(q). Calculate n(6).
-2
Let n = -73 - -70. Let i(y) = -y - 5. What is i(n)?
-2
Let o(h) = 7*h**2 + 5*h - 12. Let l(d) = -6 + 8*d - 5*d + 0*d**2 + 3*d**2. Let p(r) = 5*l(r) - 2*o(r). What is p(-5)?
-6
Let k(j) = 24*j + 20*j - 42*j + 5. What is k(-4)?
-3
Let a(o) be the first derivative of o**3/6 - 2*o**2 + 4*o + 5. Let t(q) be the first derivative of a(q). What is t(3)?
-1
Let l(q) = q**2 + 6*q + 9. Suppose 7*v = 2*v + n - 33, -n = 5*v + 27. Determine l(v).
9
Suppose 0 = -6*h + h + 20. Let i(u) be the first derivative of -u**2/2 + 3*u - 2. Let x be i(h). Let y(z) = 3*z**2 + z. Calculate y(x).
2
Let x be -4 - (1 - (2 + (-3 - -2))). Let d(c) = -3*c - 6. Determine d(x).
6
Let m(g) = -4*g**2. Suppose 0 = -0*u + 3*u. Suppose 4*z = -3*c, 5*z = -5*c - u*c + 5. Let s = -5 + c. What is m(s)?
-4
Suppose 3*l + 8 = l. Let o(p) = 3*p**2 - 3*p + 6. Let z(n) = 4*n**2 - 4*n + 7. Let m(q) = l*z(q) + 5*o(q). Let i be 4 + 4*(-2)/4. Determine m(i).
0
Let j(k) = 14*k**2 - 6*k - 3. Let n(p) = -41*p**2 + 17*p + 8. Let d(m) = -11*j(m) - 4*n(m). Let r = -4 + 11. Let o = 8 - r. Calculate d(o).
9
Let o(j) = j**3 + 3*j**2 - 6*j - 4. Let d be 1/(-4) + 25/4. Let x = -4 + d. Let b be 6/9*(-12)/x. Give o(b).
4
Let g(z) = 2*z - 1. Let t be g(2). Suppose t*i = 2*i + 3*y - 13, -2*i = 4*y - 14. Let p(d) = -10*d**3 - 2*d**2 - d. What is p(i)?
9
Let m(n) = n**2 + 4*n + 13. Let b(h) = h + 1. Let c(s) = -5*b(s) + m(s). What is c(0)?
8
Let y be -11 - (-4 + 6/1). Let u(o) = o**2 + 12*o - 18. What is u(y)?
-5
Let c(r) = r**3 + 6*r**2 + 8*r + 7. Suppose 4*o = -2*x - 3*x + 19, 5*o = -4*x + 17. Let q be 18/27 + (-17)/x. Determine c(q).
-8
Let t(u) = 2*u + 1. Let s be t(2). Let h(i) = i**2 - 5*i + 7. What is h(s)?
7
Let a(o) = 0 - 2 + 1 + 2 + o**2 + 2*o. Determine a(-4).
9
Suppose 5*b = 5 + 5. Let s = 4 - 2. Let t(n) = n**2 - n - s + n**3 - 2*n + 3. Calculate t(b).
7
Let g(n) = 2*n + 2*n**2 - 3*n**3 + 2*n**3 + 1 + 0*n**3. Let z(k) = k**3 - 3*k**2 + 3. Let u be z(3). Suppose 3*m - u - 6 = 0. Give g(m).
-2
Let u(y) = y**3 - 4*y**2 - 2*y - 3. Suppose -4 = -3*a + 2*a. Give u(a).
-11
Let t(b) = -2*b - 4. Let j be t(-3). Let h(a) = 2 - a**2 - a - j*a + 2*a. Let w = 4 + -2. Calculate h(w).
-4
Let k(a) = a**2 + 3*a - 2. Suppose -4*n - 5 - 11 = 0. Let i = n + 6. What is k(i)?
8
Let u(m) = 5*m - m + 2*m + m**2 + 6 + 0. Determine u(-5).
1
Let l(r) = -2*r**3 - 2*r**2 + 1. Let x be 68/12 - (-2)/(-3). Suppose x*s = -0*s - 5. Calculate l(s).
1
Let u(t) = -11*t + 18. Let b(v) = -5*v + 9. Let l(i) = 13*b(i) - 6*u(i). Determine l(-7).
2
Suppose -5*y + 5 = f, 0 = 3*y - 6*f + 5*f - 3. Let s(u) = u**3 - u. Give s(y).
0
Let w(d) = -11 + 4*d**3 + 1 + 4 - 4*d**2 - d. Let y(l) = -5*l**3 + 4*l**2 + l + 7. Let o(i) = 4*w(i) + 3*y(i). Calculate o(4).
-7
Let o = 7 - 12. Let g(i) = -i**2 - 7*i - 7. What is g(o)?
3
Let r(j) = -j**2 - 4*j - 6. Let n(c) = c**2 + 8*c - 1. Let u(f) = -f**2 - 9*f + 1. Let x(h) = -5*n(h) - 4*u(h). Let q be x(-5). Give r(q).
-6
Let z(w) = -w**3 - 3*w**2 + 4*w - 2. Let m = 74 + -38. Let k be (0 + 3)*(-48)/m. What is z(k)?
-2
Let a(r) = 4*r + 1. Suppose -4*s - 4 = 5*u, s - 3*s - 2 = -5*u. Let w(k) = -2*k**2 + 0*k**2 + k**2 + k. Let z(o) = s*w(o) + a(o). Give z(-2).
-1
Suppose 0 = 4*n - 0*n. Let m be (0 + (-9)/(-3))/((-1)/(-2)). Let v(x) = -x**2 + m*x + n*x**2 + 0*x**2. Give v(5).
5
Let q(a) = -a**2 + 4*a - 1. Let f be q(4). Let x be (15/20)/(f/(-4)). Let l(b) = -b**3 + 3*b**2 + 2*b - 4. Calculate l(x).
2
Let o(u) be the first derivative of u**5/60 - u**4/8 + u**3/6 - u**2/2 - 1. Let t(m) be the second derivative of o(m). Calculate t(5).
11
Let g(i) = -3*i**2 - i + 0*i**2 + 2*i**2 - 3. Let s(x) = -x**2 + 2*x - 3. Suppose -v = 3*v. Let h be s(v). Calculate g(h).
-9
Let o = 7 - 6. Let b(w) = -24*w**3. Let z(h) = 5*h**3. Let p(n) = 4*b(n) + 21*z(n). Give p(o).
9
Let h(g) = g**2 + g - 1. Let a be h(2). Let c(d) = 3*d**3 + 5*d**2 + 5*d + 1. Let k(s) = s**3 + s + 1. Let z(n) = -c(n) + 4*k(n). Calculate z(a).
-2
Let k(l) = 2*l. Let i = 90 - 92. Calculate k(i).
-4
Let m(q) = -q**3 + 2*q**2 + 2*q - 3. Suppose 3*k - 7 = 5. Suppose -s + 6 = 4*v - 0*s, v - k = s. What is m(v)?
1
Let p(k) = k**2 + 6*k + 6. Suppose -z - 2*z + 36 = 0. Let t be z*((-5)/2 - -2). What is p(t)?
6
Let f = 39 - 34. Let a be -2*18/(-8)*2. Let d = f - a. Let p(n) = n + 5. Give p(d).
1
Suppose 7 = 4*h + 3*m, -h - 3*m + 15 = 2. Let d = 0 - h. Suppose -d = v - 3*t + 2*t, v = -4*t + 3. Let a(x) = -4*x**3 + 2*x + 1. What is a(v)?
3
Let d(x) = x + 1 - 8*x + x**2 - 3. Let g(n) = -n**2 + 5*n - 1. Let h be g(2). Suppose 3*f = 3*q - 2*f - 43, 4*q = h*f + 49. Give d(q).
-8
Let g(u) = u**3 - 9*u**2 + 8*u - 6. Let m be g(8). Let n(d) = d + 7. Determine n(m).
1
Let i = 2 + 1. Let c(w) = w + 0*w**2 - 2*w**2 - w**3 + 6*w**i. What is c(1)?
4
Let w(a) = 0*a**2 + 6*a**2 + 2*a - 5*a**2 + 0*a. Let y(l) = l**2 - 9*l + 10. Let v be y(7). Determine w(v).
8
Let o(m) be the first derivative of -m**5/60 + m**4/8 + m**3/3 + 5*m**2/2 + 7. Let a(u) be the second derivative of o(u). What is a(6)?
-16
Suppose -3*u - 3*g + 30 = 0, -4*g - 3 + 1 = -3*u. Let z(n) = -n + 14. What is z(u)?
8
Let y(n) = -3*n + 3. Suppose -s - 3*a = -2*s - 13, -5*a + 25 = 0. Let c(x) = 3*x - 4. Let t(b) = s*c(b) + 3*y(b). What is t(1)?
-2
Let b(n) be the second derivative of -n**3/2 - n**2/2 - 3*n. Suppose -4 + 2 = -d. Let h be d/(-3)*(-9)/(-2). Determine b(h).
8
Let j(u) = u**3 - 3*u**2 + 5*u - 3. Suppose 8 = g + 5. What is j(g)?
12
Let b(r) be the second derivative of r**4/12 + 5*r**3/6 + 3*r**2 - r. Let g(z) = -z + 5. Let s be 4/3*15/2. Let x be g(s). What is b(x)?
6
Let y = 6 + -5. Suppose -3*m = -v - y, -5*m = -3*v + v. Let r(s) be the third derivative of s**5/60 - 5*s**4/24 + 2*s**3/3 + 6*s**2. Determine r(v).
4
Let v(p) = 4 + 1 + p**2 - 5 + 5*p. Calculate v(-6).
6
Suppose 0*u = -3*z + u + 83, -71 = -3*z - 5*u. Le